est common factor of 3128 and 525623.
17
What is the highest common factor of 2095044478 and 1234?
1234
Calculate the highest common factor of 16807140 and 378.
126
What is the greatest common divisor of 9162 and 1334289546?
9162
Calculate the highest common factor of 39775 and 5153175.
925
Calculate the greatest common divisor of 52556904 and 7896.
1128
What is the greatest common divisor of 11110 and 80982?
22
What is the greatest common divisor of 129456476 and 20576?
2572
What is the greatest common factor of 735 and 30109605?
15
Calculate the highest common factor of 2272571 and 57.
19
What is the greatest common divisor of 3588 and 88616268?
156
What is the highest common divisor of 84120811 and 85?
17
What is the greatest common factor of 210 and 265880?
10
Calculate the greatest common divisor of 254841 and 46.
1
Calculate the greatest common divisor of 166839 and 10203.
57
Calculate the greatest common divisor of 441032895 and 15.
15
What is the greatest common factor of 1752 and 138426396?
876
What is the highest common factor of 4231686 and 2046?
186
Calculate the greatest common divisor of 644 and 89002648.
28
What is the greatest common divisor of 7138 and 14555544?
166
Calculate the greatest common divisor of 314776 and 1892968.
4312
What is the highest common factor of 40600 and 8062?
58
Calculate the greatest common divisor of 54696779 and 2123.
193
Calculate the greatest common factor of 503998 and 111.
1
What is the highest common factor of 372 and 649788?
12
What is the highest common factor of 4062032 and 4368?
208
What is the highest common factor of 32549 and 32670319?
2959
Calculate the highest common divisor of 248669739 and 912.
57
Calculate the highest common divisor of 47446 and 3696.
14
What is the greatest common factor of 9545 and 16210975?
115
What is the highest common divisor of 1428 and 187989468?
204
Calculate the greatest common divisor of 54431 and 1547.
13
Calculate the highest common factor of 904011800 and 25.
25
Calculate the greatest common factor of 2641240 and 301.
7
Calculate the greatest common factor of 14117630 and 230.
230
Calculate the greatest common divisor of 596 and 5730838.
298
Calculate the greatest common factor of 1095 and 63689215.
365
What is the greatest common factor of 233 and 517926380?
233
Calculate the highest common divisor of 2436 and 2110997.
203
Calculate the greatest common factor of 29781930 and 3534.
114
What is the greatest common divisor of 21545 and 155205871?
4309
Calculate the highest common factor of 736075 and 175.
25
Calculate the highest common factor of 911 and 4809169.
911
What is the highest common factor of 8866 and 377377?
143
Calculate the greatest common factor of 490873246 and 38.
38
What is the greatest common factor of 127625 and 15050?
25
Calculate the highest common factor of 10784820 and 690.
30
Calculate the highest common divisor of 279274830 and 82890.
9210
What is the highest common factor of 1891975 and 11275?
25
Calculate the greatest common factor of 26625496 and 148.
148
Calculate the highest common divisor of 1387643 and 18003.
353
Calculate the greatest common divisor of 142564 and 1363.
29
Calculate the highest common divisor of 2205 and 6165915.
735
Calculate the greatest common factor of 121 and 1380467.
11
Calculate the greatest common divisor of 43793 and 153.
1
Calculate the highest common divisor of 20884700 and 400.
100
What is the highest common divisor of 2118574 and 1734?
34
Calculate the greatest common factor of 3639881 and 212.
53
What is the highest common divisor of 833710 and 2367990?
3170
What is the highest common divisor of 4 and 43780?
4
Calculate the greatest common factor of 1051463 and 1.
1
Calculate the greatest common divisor of 195505288 and 1232.
88
Calculate the highest common factor of 13310123 and 5221.
23
What is the greatest common divisor of 5 and 924310?
5
What is the greatest common factor of 10030 and 149034?
118
Calculate the highest common divisor of 1617135 and 2340.
195
What is the highest common factor of 11243739 and 13?
13
What is the highest common factor of 90 and 297685?
5
What is the greatest common divisor of 399 and 42047?
19
Calculate the highest common factor of 12338048 and 1025.
41
What is the highest common divisor of 1801562 and 1106?
14
What is the highest common divisor of 24869454 and 852?
426
Calculate the greatest common factor of 784301 and 463904.
133
Calculate the greatest common factor of 4104 and 51591897.
513
What is the greatest common divisor of 952 and 48008?
136
Calculate the greatest common divisor of 17205 and 1320321.
93
What is the highest common divisor of 1695 and 2633235?
15
What is the greatest common factor of 36288 and 805056?
1344
Calculate the highest common divisor of 818472 and 1272.
24
What is the greatest common divisor of 272 and 2250416?
16
Calculate the highest common divisor of 548655016 and 91.
91
Calculate the highest common factor of 274648464 and 2718.
2718
Calculate the greatest common divisor of 362201 and 57407.
413
What is the greatest common factor of 444485864 and 4008?
1336
Calculate the highest common factor of 19 and 59458999.
19
Calculate the highest common divisor of 10325 and 568225.
175
What is the highest common factor of 3544 and 15098326?
886
Calculate the highest common factor of 56 and 25950582.
14
Calculate the highest common factor of 83 and 128460179.
83
Calculate the greatest common divisor of 156 and 16339524.
12
Calculate the greatest common factor of 711088 and 1470.
98
What is the highest common divisor of 5145 and 983703?
21
What is the greatest common factor of 48 and 111673524?
12
Calculate the highest common divisor of 13488 and 190608.
48
What is the highest common divisor of 45173 and 815701?
199
Calculate the greatest common factor of 815528 and 7000.
56
Calculate the greatest common divisor of 106912 and 1851428.
1028
What is the highest common divisor of 3056 and 21264794?
382
What is the highest common factor of 12068305 and 956?
239
What is the greatest common divisor of 1402441 and 50006?
2273
Calculate the highest common divisor of 58362 and 410238.
426
Calculate the highest common divisor of 20554932 and 24.
12
What is the greatest common divisor of 91 and 188661109?
91
Calculate the highest common factor of 3636 and 73548.
36
What is the highest common divisor of 822849323 and 101?
101
What is the highest common factor of 10 and 153615890?
10
Calculate the greatest common divisor of 177086 and 12838.
98
What is the highest common divisor of 312 and 515931?
39
Calculate the greatest common divisor of 5434536 and 11723.
617
What is the highest common factor of 15713 and 3234397?
827
What is the greatest common factor of 341967084 and 12?
12
Calculate the greatest common divisor of 434281 and 115325.
659
What is the greatest common divisor of 9 and 38855871?
9
What is the highest common factor of 38140 and 7090?
10
Calculate the highest common factor of 39 and 8080475.
13
Calculate the highest common divisor of 92224 and 2732.
4
Calculate the greatest common divisor of 9207 and 70246.
341
Calculate the highest common divisor of 10112 and 528128.
128
Calculate the highest common divisor of 474800 and 21360.
80
Calculate the highest common factor of 604 and 87442892.
604
Calculate the greatest common divisor of 1250 and 362680.
10
What is the highest common divisor of 9510 and 70755?
15
What is the highest common divisor of 42039 and 1739169?
1557
What is the greatest common factor of 1072 and 159656?
8
Calculate the highest common factor of 782652 and 7047.
87
What is the highest common factor of 16000 and 1559840?
160
What is the highest common factor of 63309104 and 1618?
1618
What is the highest common factor of 1722879 and 387?
9
Calculate the greatest common divisor of 3882 and 103155739.
647
Calculate the highest common divisor of 4660 and 25888.
4
What is the greatest common divisor of 117661864 and 496?
248
Calculate the highest common divisor of 1915 and 4101547.
383
What is the greatest common factor of 1306614 and 6018?
354
What is the highest common factor of 18473 and 1374646?
637
What is the highest common factor of 4994991 and 108?
9
Calculate the greatest common divisor of 624334 and 1282.
